{"id":21,"date":"2024-11-13T18:10:49","date_gmt":"2024-11-13T18:10:49","guid":{"rendered":"https:\/\/sw.mikolajsikora.pl\/?page_id=21"},"modified":"2025-04-13T15:58:41","modified_gmt":"2025-04-13T15:58:41","slug":"o-projekcie","status":"publish","type":"page","link":"https:\/\/sw.mikolajsikora.com\/?page_id=21","title":{"rendered":"O projekcie"},"content":{"rendered":"\t\t<div data-elementor-type=\"wp-page\" data-elementor-id=\"21\" class=\"elementor elementor-21\">\n\t\t\t\t<div class=\"elementor-element elementor-element-5d55506 e-flex e-con-boxed wpr-particle-no wpr-jarallax-no wpr-parallax-no wpr-sticky-section-no e-con e-parent\" data-id=\"5d55506\" data-element_type=\"container\">\n\t\t\t\t\t<div class=\"e-con-inner\">\n\t\t<div class=\"elementor-element elementor-element-c490856 e-con-full e-flex wpr-particle-no wpr-jarallax-no wpr-parallax-no wpr-sticky-section-no e-con e-child\" data-id=\"c490856\" data-element_type=\"container\">\n\t\t\t\t<div class=\"elementor-element elementor-element-ce80548 elementor-widget elementor-widget-heading\" data-id=\"ce80548\" data-element_type=\"widget\" data-widget_type=\"heading.default\">\n\t\t\t\t<div class=\"elementor-widget-container\">\n\t\t\t\t\t<h2 class=\"elementor-heading-title elementor-size-default\">Kobieta - Kr\u00f3lewski Projekt<\/h2>\t\t\t\t<\/div>\n\t\t\t\t<\/div>\n\t\t\t\t<\/div>\n\t\t<div class=\"elementor-element elementor-element-d2d32b6 e-con-full e-flex wpr-particle-no wpr-jarallax-no wpr-parallax-no wpr-sticky-section-no e-con e-child\" data-id=\"d2d32b6\" data-element_type=\"container\">\n\t\t\t\t<div class=\"elementor-element elementor-element-15b977e elementor-widget elementor-widget-heading\" data-id=\"15b977e\" data-element_type=\"widget\" data-widget_type=\"heading.default\">\n\t\t\t\t<div class=\"elementor-widget-container\">\n\t\t\t\t\t<h2 class=\"elementor-heading-title elementor-size-default\">O projekcie:<\/h2>\t\t\t\t<\/div>\n\t\t\t\t<\/div>\n\t\t\t\t<div class=\"elementor-element elementor-element-c457273 elementor-widget elementor-widget-text-editor\" data-id=\"c457273\" data-element_type=\"widget\" data-widget_type=\"text-editor.default\">\n\t\t\t\t<div class=\"elementor-widget-container\">\n\t\t\t\t\t\t\t\t\t<p>Nasz projekt to cykl weekendowych spotka\u0144 stworzonych z my\u015bl\u0105 o kobietach, kt\u00f3re pragn\u0105 pog\u0142\u0119bi\u0107 swoj\u0105 relacj\u0119 z Bogiem i odkry\u0107 swoje miejsce w Jego planie. Wierzymy, \u017ce ka\u017cda z nas jest wyj\u0105tkowa, obdarzona talentami i powo\u0142ana do misji, kt\u00f3ra mo\u017ce wzbogaci\u0107 zar\u00f3wno nasze osobiste \u017cycie, jak i wsp\u00f3lnot\u0119 ko\u015bcio\u0142a.<\/p><p>Podczas naszych spotka\u0144 skupiamy si\u0119 na kluczowych aspektach duchowego rozwoju, takich jak:<\/p><ul><li><p><strong>Odkrywanie to\u017csamo\u015bci i godno\u015bci jako c\u00f3rki Boga<\/strong> \u2013 Rozwa\u017camy, co oznacza bycie Bo\u017c\u0105 c\u00f3rk\u0105, i jak ta prawda wp\u0142ywa na nasz\u0105 warto\u015b\u0107 i spos\u00f3b, w jaki patrzymy na siebie i innych.<\/p><\/li><li><p><strong>Budowanie g\u0142\u0119bokiej relacji z Bogiem<\/strong> \u2013 Poszukujemy blisko\u015bci z Bogiem przez modlitw\u0119 i wsp\u00f3lne rozwa\u017cania, pog\u0142\u0119biaj\u0105c pragnienie prawdziwej, intymnej wi\u0119zi z naszym Stw\u00f3rc\u0105.<\/p><\/li><li><p><strong>Zg\u0142\u0119bianie S\u0142owa Bo\u017cego<\/strong> \u2013 Pisma \u015awi\u0119tego to niewyczerpane \u017ar\u00f3d\u0142o m\u0105dro\u015bci i inspiracji. Ka\u017cde spotkanie to czas, aby odkry\u0107 jego bogactwo i moc przemieniaj\u0105c\u0105 \u017cycie.<\/p><\/li><li><p><strong>Odkrywanie dar\u00f3w i talent\u00f3w<\/strong> \u2013 Pomagamy uczestniczkom rozpozna\u0107 swoje unikalne dary i talenty, by mog\u0142y je wykorzysta\u0107 do realizacji Bo\u017cych plan\u00f3w w swoim \u017cyciu i s\u0142u\u017cbie dla innych.<\/p><\/li><li><p><strong>Bo\u017cy plan, powo\u0142anie i misja<\/strong> \u2013 Ka\u017cda z nas ma wyj\u0105tkow\u0105 misj\u0119, powo\u0142anie, kt\u00f3re B\u00f3g nam powierzy\u0142. Nasze spotkania to czas, by lepiej zrozumie\u0107 ten plan i podj\u0105\u0107 kroki ku jego realizacji.<\/p><\/li><\/ul><p>Zapraszamy ka\u017cd\u0105 kobiet\u0119, kt\u00f3ra pragnie zbli\u017cy\u0107 si\u0119 do Boga, odkry\u0107 swoj\u0105 warto\u015b\u0107, to\u017csamo\u015b\u0107 i z rado\u015bci\u0105 s\u0142u\u017cy\u0107 innym. Nasze weekendowe spotkania to czas wype\u0142niony inspiracj\u0105, modlitw\u0105 i wzajemnym wsparciem, by w pe\u0142ni realizowa\u0107 Bo\u017cy plan w naszym \u017cyciu.<\/p>\t\t\t\t\t\t\t\t<\/div>\n\t\t\t\t<\/div>\n\t\t\t\t<\/div>\n\t\t<div class=\"elementor-element elementor-element-0ca6f61 e-con-full e-flex wpr-particle-no wpr-jarallax-no wpr-parallax-no wpr-sticky-section-no e-con e-child\" data-id=\"0ca6f61\" data-element_type=\"container\">\n\t\t\t\t<div class=\"elementor-element elementor-element-1080e09 elementor-widget elementor-widget-heading\" data-id=\"1080e09\" data-element_type=\"widget\" data-widget_type=\"heading.default\">\n\t\t\t\t<div class=\"elementor-widget-container\">\n\t\t\t\t\t<h2 class=\"elementor-heading-title elementor-size-default\">Dla kogo?<\/h2>\t\t\t\t<\/div>\n\t\t\t\t<\/div>\n\t\t\t\t<div class=\"elementor-element elementor-element-000c243 elementor-widget elementor-widget-text-editor\" data-id=\"000c243\" data-element_type=\"widget\" data-widget_type=\"text-editor.default\">\n\t\t\t\t<div class=\"elementor-widget-container\">\n\t\t\t\t\t\t\t\t\t<p>Ten projekt jest skierowany do kobiet, kt\u00f3re pragn\u0105 g\u0142\u0119bszej relacji z Bogiem i chc\u0105 odkry\u0107 swoje miejsce w Jego planie. Zapraszamy ka\u017cd\u0105, kt\u00f3ra:<\/p><ul><li><p><strong>Szuka swojej to\u017csamo\u015bci i godno\u015bci w Bogu<\/strong> \u2013 Je\u015bli pragniesz zobaczy\u0107 siebie jako c\u00f3rk\u0119 Boga, pozna\u0107 swoj\u0105 warto\u015b\u0107 i si\u0142\u0119 p\u0142yn\u0105c\u0105 z tej wyj\u0105tkowej relacji, te spotkania s\u0105 w\u0142a\u015bnie dla Ciebie.<\/p><\/li><li><p><strong>Chce zbli\u017cy\u0107 si\u0119 do Boga<\/strong> \u2013 To czas dla tych, kt\u00f3re chc\u0105 odnowi\u0107 i pog\u0142\u0119bi\u0107 swoj\u0105 relacj\u0119 z Bogiem, ucz\u0105c si\u0119, jak \u017cy\u0107 blisko Niego na co dzie\u0144 i odkrywa\u0107 pi\u0119kno intymnej modlitwy.<\/p><\/li><li><p><strong>Pragnie zg\u0142\u0119bia\u0107 S\u0142owo Bo\u017ce<\/strong> \u2013 Dla kobiet, kt\u00f3re chc\u0105 lepiej zrozumie\u0107 Pismo \u015awi\u0119te i pozwoli\u0107, by to ono przemienia\u0142o ich \u017cycie, prowadzi\u0142o je i inspirowa\u0142o do dzia\u0142ania.<\/p><\/li><li><p><strong>Poszukuje swojego powo\u0142ania i misji<\/strong> \u2013 Je\u015bli czujesz, \u017ce B\u00f3g ma plan na Twoje \u017cycie, ale jeszcze nie wiesz, jak go odnale\u017a\u0107 i realizowa\u0107, pomo\u017cemy Ci odkry\u0107 Twoj\u0105 wyj\u0105tkow\u0105 misj\u0119 i miejsce w s\u0142u\u017cbie Bogu oraz innym.<\/p><\/li><li><p><strong>Chce rozwija\u0107 swoje talenty i dary<\/strong> \u2013 Wierzymy, \u017ce ka\u017cda kobieta jest obdarzona unikalnymi talentami, kt\u00f3re mog\u0105 wzbogaca\u0107 \u017cycie innych. Nasze spotkania pomog\u0105 Ci odkry\u0107 te dary i nauczy\u0107 si\u0119, jak w pe\u0142ni je wykorzystywa\u0107 w codziennym \u017cyciu i s\u0142u\u017cbie.<\/p><\/li><\/ul><p>Je\u015bli pragniesz odkrywa\u0107 g\u0142\u0119bsze prawdy o sobie, wzrasta\u0107 w wierze, i nawi\u0105za\u0107 warto\u015bciowe relacje z innymi kobietami d\u0105\u017c\u0105cymi do Boga \u2013 ten projekt jest dla Ciebie.<\/p>\t\t\t\t\t\t\t\t<\/div>\n\t\t\t\t<\/div>\n\t\t\t\t<\/div>\n\t\t\t\t<div class=\"elementor-element elementor-element-865b62a elementor-widget elementor-widget-heading\" data-id=\"865b62a\" data-element_type=\"widget\" data-widget_type=\"heading.default\">\n\t\t\t\t<div class=\"elementor-widget-container\">\n\t\t\t\t\t<h2 class=\"elementor-heading-title elementor-size-default\">O nas: <\/h2>\t\t\t\t<\/div>\n\t\t\t\t<\/div>\n\t\t<div class=\"elementor-element elementor-element-df3ef6b e-con-full e-flex wpr-particle-no wpr-jarallax-no wpr-parallax-no wpr-sticky-section-no e-con e-child\" data-id=\"df3ef6b\" data-element_type=\"container\">\n\t\t\t\t<div class=\"elementor-element elementor-element-6664ca2 elementor-widget elementor-widget-image\" data-id=\"6664ca2\" data-element_type=\"widget\" data-widget_type=\"image.default\">\n\t\t\t\t<div class=\"elementor-widget-container\">\n\t\t\t\t\t\t\t\t\t\t\t\t\t\t\t<img fetchpriority=\"high\" decoding=\"async\" width=\"214\" height=\"300\" src=\"https:\/\/sw.mikolajsikora.com\/wp-content\/uploads\/2024\/11\/1706143658929-731x1024-1-214x300.jpg\" class=\"attachment-medium size-medium wp-image-45\" alt=\"\" srcset=\"https:\/\/sw.mikolajsikora.com\/wp-content\/uploads\/2024\/11\/1706143658929-731x1024-1-214x300.jpg 214w, https:\/\/sw.mikolajsikora.com\/wp-content\/uploads\/2024\/11\/1706143658929-731x1024-1.jpg 731w\" sizes=\"(max-width: 214px) 100vw, 214px\" \/>\t\t\t\t\t\t\t\t\t\t\t\t\t\t\t<\/div>\n\t\t\t\t<\/div>\n\t\t<div class=\"elementor-element elementor-element-9601ca5 e-con-full e-flex wpr-particle-no wpr-jarallax-no wpr-parallax-no wpr-sticky-section-no e-con e-child\" data-id=\"9601ca5\" data-element_type=\"container\">\n\t\t\t\t<div class=\"elementor-element elementor-element-da8da91 elementor-widget elementor-widget-heading\" data-id=\"da8da91\" data-element_type=\"widget\" data-widget_type=\"heading.default\">\n\t\t\t\t<div class=\"elementor-widget-container\">\n\t\t\t\t\t<h2 class=\"elementor-heading-title elementor-size-default\">Sylwia Wilk<\/h2>\t\t\t\t<\/div>\n\t\t\t\t<\/div>\n\t\t\t\t<div class=\"elementor-element elementor-element-f9ed314 elementor-widget elementor-widget-text-editor\" data-id=\"f9ed314\" data-element_type=\"widget\" data-widget_type=\"text-editor.default\">\n\t\t\t\t<div class=\"elementor-widget-container\">\n\t\t\t\t\t\t\t\t\t<p>Sylwia Wilk,\u00a0 \u017cona Witka, mama czw\u00f3rki dzieci od wielu, wielu lat w ewangelizacji, prowadz\u0105ca Kobieta Kr\u00f3lewski Projekt, zaanga\u017cowana w SNE, jako czcicielka w zaNim Uwielbienie, liderka wsp\u00f3lnoty Drzewo \u017bycia. Pasjonatka Bo\u017cego S\u0142owa, w\u0142oskiego wszystkiego, fiord\u00f3w i przede wszystkim tego, co ci\u0105gle stwarza B\u00f3g.<\/p>\t\t\t\t\t\t\t\t<\/div>\n\t\t\t\t<\/div>\n\t\t\t\t<\/div>\n\t\t\t\t<\/div>\n\t\t<div class=\"elementor-element elementor-element-dd01549 e-con-full e-flex wpr-particle-no wpr-jarallax-no wpr-parallax-no wpr-sticky-section-no e-con e-child\" data-id=\"dd01549\" data-element_type=\"container\">\n\t\t\t\t<div class=\"elementor-element elementor-element-a321760 elementor-widget elementor-widget-image\" data-id=\"a321760\" data-element_type=\"widget\" data-widget_type=\"image.default\">\n\t\t\t\t<div class=\"elementor-widget-container\">\n\t\t\t\t\t\t\t\t\t\t\t\t\t\t\t<img decoding=\"async\" width=\"182\" height=\"300\" src=\"https:\/\/sw.mikolajsikora.com\/wp-content\/uploads\/2025\/03\/Zdjecie-WhatsApp-2025-03-30-o-15.16.27_1ca2183a-1-182x300.png\" class=\"attachment-medium size-medium wp-image-614\" alt=\"\" srcset=\"https:\/\/sw.mikolajsikora.com\/wp-content\/uploads\/2025\/03\/Zdjecie-WhatsApp-2025-03-30-o-15.16.27_1ca2183a-1-182x300.png 182w, https:\/\/sw.mikolajsikora.com\/wp-content\/uploads\/2025\/03\/Zdjecie-WhatsApp-2025-03-30-o-15.16.27_1ca2183a-1-620x1024.png 620w, https:\/\/sw.mikolajsikora.com\/wp-content\/uploads\/2025\/03\/Zdjecie-WhatsApp-2025-03-30-o-15.16.27_1ca2183a-1-768x1268.png 768w, https:\/\/sw.mikolajsikora.com\/wp-content\/uploads\/2025\/03\/Zdjecie-WhatsApp-2025-03-30-o-15.16.27_1ca2183a-1.png 929w\" sizes=\"(max-width: 182px) 100vw, 182px\" \/>\t\t\t\t\t\t\t\t\t\t\t\t\t\t\t<\/div>\n\t\t\t\t<\/div>\n\t\t<div class=\"elementor-element elementor-element-6e285e2 e-con-full e-flex wpr-particle-no wpr-jarallax-no wpr-parallax-no wpr-sticky-section-no e-con e-child\" data-id=\"6e285e2\" data-element_type=\"container\">\n\t\t\t\t<div class=\"elementor-element elementor-element-310cd5f elementor-widget elementor-widget-heading\" data-id=\"310cd5f\" data-element_type=\"widget\" data-widget_type=\"heading.default\">\n\t\t\t\t<div class=\"elementor-widget-container\">\n\t\t\t\t\t<h2 class=\"elementor-heading-title elementor-size-default\"><b>Rozalia<\/b><\/h2>\t\t\t\t<\/div>\n\t\t\t\t<\/div>\n\t\t\t\t<div class=\"elementor-element elementor-element-81a5b7b elementor-widget elementor-widget-text-editor\" data-id=\"81a5b7b\" data-element_type=\"widget\" data-widget_type=\"text-editor.default\">\n\t\t\t\t<div class=\"elementor-widget-container\">\n\t\t\t\t\t\t\t\t\t<p>Sylwia Wilk,\u00a0 \u017cona Witka, mama czw\u00f3rki dzieci od wielu, wielu lat w ewangelizacji, prowadz\u0105ca Kobieta Kr\u00f3lewski Projekt, zaanga\u017cowana w SNE, jako czcicielka w zaNim Uwielbienie, liderka wsp\u00f3lnoty Drzewo \u017bycia. Pasjonatka Bo\u017cego S\u0142owa, w\u0142oskiego wszystkiego, fiord\u00f3w i przede wszystkim tego, co ci\u0105gle stwarza B\u00f3g.<\/p>\t\t\t\t\t\t\t\t<\/div>\n\t\t\t\t<\/div>\n\t\t\t\t<\/div>\n\t\t\t\t<\/div>\n\t\t\t\t\t<\/div>\n\t\t\t\t<\/div>\n\t\t\t\t<\/div>\n\t\t","protected":false},"excerpt":{"rendered":"<p>Kobieta &#8211; Kr\u00f3lewski Projekt O projekcie: Nasz projekt to cykl weekendowych spotka\u0144 stworzonych z my\u015bl\u0105 o kobietach, kt\u00f3re pragn\u0105 pog\u0142\u0119bi\u0107 swoj\u0105 relacj\u0119 z Bogiem i odkry\u0107 swoje miejsce w Jego planie. Wierzymy, \u017ce ka\u017cda z nas jest wyj\u0105tkowa, obdarzona talentami i powo\u0142ana do misji, kt\u00f3ra mo\u017ce wzbogaci\u0107 zar\u00f3wno nasze osobiste \u017cycie, jak i wsp\u00f3lnot\u0119 ko\u015bcio\u0142a. Podczas naszych spotka\u0144 skupiamy si\u0119 na kluczowych aspektach duchowego rozwoju, takich jak: Odkrywanie to\u017csamo\u015bci i godno\u015bci jako c\u00f3rki Boga \u2013 Rozwa\u017camy, co oznacza bycie Bo\u017c\u0105 c\u00f3rk\u0105, i jak ta prawda wp\u0142ywa na nasz\u0105 warto\u015b\u0107 i spos\u00f3b, w jaki patrzymy na siebie i innych. Budowanie g\u0142\u0119bokiej relacji z Bogiem \u2013 Poszukujemy blisko\u015bci z Bogiem przez modlitw\u0119 i wsp\u00f3lne rozwa\u017cania, pog\u0142\u0119biaj\u0105c pragnienie prawdziwej, intymnej wi\u0119zi z naszym Stw\u00f3rc\u0105. Zg\u0142\u0119bianie S\u0142owa Bo\u017cego \u2013 Pisma \u015awi\u0119tego to niewyczerpane \u017ar\u00f3d\u0142o m\u0105dro\u015bci i inspiracji. Ka\u017cde spotkanie to czas, aby odkry\u0107 jego bogactwo i moc przemieniaj\u0105c\u0105 \u017cycie. Odkrywanie dar\u00f3w i talent\u00f3w \u2013 Pomagamy uczestniczkom rozpozna\u0107 swoje unikalne dary i talenty, by mog\u0142y je wykorzysta\u0107 do realizacji Bo\u017cych plan\u00f3w w swoim \u017cyciu i s\u0142u\u017cbie dla innych. Bo\u017cy plan, powo\u0142anie i misja \u2013 Ka\u017cda z nas ma wyj\u0105tkow\u0105 misj\u0119, powo\u0142anie, kt\u00f3re B\u00f3g nam powierzy\u0142. Nasze spotkania to czas, by lepiej zrozumie\u0107 ten plan i podj\u0105\u0107 kroki ku jego realizacji. Zapraszamy ka\u017cd\u0105 kobiet\u0119, kt\u00f3ra pragnie zbli\u017cy\u0107 si\u0119 do Boga, odkry\u0107 swoj\u0105 warto\u015b\u0107, to\u017csamo\u015b\u0107 i z rado\u015bci\u0105 s\u0142u\u017cy\u0107 innym. Nasze weekendowe spotkania to czas wype\u0142niony inspiracj\u0105, modlitw\u0105 i wzajemnym wsparciem, by w pe\u0142ni realizowa\u0107 Bo\u017cy plan w naszym \u017cyciu. Dla kogo? Ten projekt jest skierowany do kobiet, kt\u00f3re pragn\u0105 g\u0142\u0119bszej relacji z Bogiem i chc\u0105 odkry\u0107 swoje miejsce w Jego planie. Zapraszamy ka\u017cd\u0105, kt\u00f3ra: Szuka swojej to\u017csamo\u015bci i godno\u015bci w Bogu \u2013 Je\u015bli pragniesz zobaczy\u0107 siebie jako c\u00f3rk\u0119 Boga, pozna\u0107 swoj\u0105 warto\u015b\u0107 i si\u0142\u0119 p\u0142yn\u0105c\u0105 z tej wyj\u0105tkowej relacji, te spotkania s\u0105 w\u0142a\u015bnie dla Ciebie. Chce zbli\u017cy\u0107 si\u0119 do Boga \u2013 To czas dla tych, kt\u00f3re chc\u0105 odnowi\u0107 i pog\u0142\u0119bi\u0107 swoj\u0105 relacj\u0119 z Bogiem, ucz\u0105c si\u0119, jak \u017cy\u0107 blisko Niego na co dzie\u0144 i odkrywa\u0107 pi\u0119kno intymnej modlitwy. Pragnie zg\u0142\u0119bia\u0107 S\u0142owo Bo\u017ce \u2013 Dla kobiet, kt\u00f3re chc\u0105 lepiej zrozumie\u0107 Pismo \u015awi\u0119te i pozwoli\u0107, by to ono przemienia\u0142o ich \u017cycie, prowadzi\u0142o je i inspirowa\u0142o do dzia\u0142ania. Poszukuje swojego powo\u0142ania i misji \u2013 Je\u015bli czujesz, \u017ce B\u00f3g ma plan na Twoje \u017cycie, ale jeszcze nie wiesz, jak go odnale\u017a\u0107 i realizowa\u0107, pomo\u017cemy Ci odkry\u0107 Twoj\u0105 wyj\u0105tkow\u0105 misj\u0119 i miejsce w s\u0142u\u017cbie Bogu oraz innym. Chce rozwija\u0107 swoje talenty i dary \u2013 Wierzymy, \u017ce ka\u017cda kobieta jest obdarzona unikalnymi talentami, kt\u00f3re mog\u0105 wzbogaca\u0107 \u017cycie innych. Nasze spotkania pomog\u0105 Ci odkry\u0107 te dary i nauczy\u0107 si\u0119, jak w pe\u0142ni je wykorzystywa\u0107 w codziennym \u017cyciu i s\u0142u\u017cbie. Je\u015bli pragniesz odkrywa\u0107 g\u0142\u0119bsze prawdy o sobie, wzrasta\u0107 w wierze, i nawi\u0105za\u0107 warto\u015bciowe relacje z innymi kobietami d\u0105\u017c\u0105cymi do Boga \u2013 ten projekt jest dla Ciebie. O nas: Sylwia Wilk Sylwia Wilk,\u00a0 \u017cona Witka, mama czw\u00f3rki dzieci od wielu, wielu lat w ewangelizacji, prowadz\u0105ca Kobieta Kr\u00f3lewski Projekt, zaanga\u017cowana w SNE, jako czcicielka w zaNim Uwielbienie, liderka wsp\u00f3lnoty Drzewo \u017bycia. Pasjonatka Bo\u017cego S\u0142owa, w\u0142oskiego wszystkiego, fiord\u00f3w i przede wszystkim tego, co ci\u0105gle stwarza B\u00f3g. Rozalia Sylwia Wilk,\u00a0 \u017cona Witka, mama czw\u00f3rki dzieci od wielu, wielu lat w ewangelizacji, prowadz\u0105ca Kobieta Kr\u00f3lewski Projekt, zaanga\u017cowana w SNE, jako czcicielka w zaNim Uwielbienie, liderka wsp\u00f3lnoty Drzewo \u017bycia. Pasjonatka Bo\u017cego S\u0142owa, w\u0142oskiego wszystkiego, fiord\u00f3w i przede wszystkim tego, co ci\u0105gle stwarza B\u00f3g.<\/p>\n","protected":false},"author":1,"featured_media":0,"parent":0,"menu_order":0,"comment_status":"closed","ping_status":"closed","template":"","meta":{"site-sidebar-layout":"no-sidebar","site-content-layout":"","ast-site-content-layout":"full-width-container","site-content-style":"default","site-sidebar-style":"default","ast-global-header-display":"","ast-banner-title-visibility":"","ast-main-header-display":"","ast-hfb-above-header-display":"","ast-hfb-below-header-display":"","ast-hfb-mobile-header-display":"","site-post-title":"disabled","ast-breadcrumbs-content":"","ast-featured-img":"disabled","footer-sml-layout":"","theme-transparent-header-meta":"","adv-header-id-meta":"","stick-header-meta":"","header-above-stick-meta":"","header-main-stick-meta":"","header-below-stick-meta":"","astra-migrate-meta-layouts":"default","ast-page-background-enabled":"default","ast-page-background-meta":{"desktop":{"background-color":"var(--ast-global-color-4)","background-image":"","background-repeat":"repeat","background-position":"center center","background-size":"auto","background-attachment":"scroll","background-type":"","background-media":"","overlay-type":"","overlay-color":"","overlay-opacity":"","overlay-gradient":""},"tablet":{"background-color":"","background-image":"","background-repeat":"repeat","background-position":"center center","background-size":"auto","background-attachment":"scroll","background-type":"","background-media":"","overlay-type":"","overlay-color":"","overlay-opacity":"","overlay-gradient":""},"mobile":{"background-color":"","background-image":"","background-repeat":"repeat","background-position":"center center","background-size":"auto","background-attachment":"scroll","background-type":"","background-media":"","overlay-type":"","overlay-color":"","overlay-opacity":"","overlay-gradient":""}},"ast-content-background-meta":{"desktop":{"background-color":"var(--ast-global-color-5)","background-image":"","background-repeat":"repeat","background-position":"center center","background-size":"auto","background-attachment":"scroll","background-type":"","background-media":"","overlay-type":"","overlay-color":"","overlay-opacity":"","overlay-gradient":""},"tablet":{"background-color":"var(--ast-global-color-5)","background-image":"","background-repeat":"repeat","background-position":"center center","background-size":"auto","background-attachment":"scroll","background-type":"","background-media":"","overlay-type":"","overlay-color":"","overlay-opacity":"","overlay-gradient":""},"mobile":{"background-color":"var(--ast-global-color-5)","background-image":"","background-repeat":"repeat","background-position":"center center","background-size":"auto","background-attachment":"scroll","background-type":"","background-media":"","overlay-type":"","overlay-color":"","overlay-opacity":"","overlay-gradient":""}},"footnotes":""},"class_list":["post-21","page","type-page","status-publish","hentry"],"_links":{"self":[{"href":"https:\/\/sw.mikolajsikora.com\/index.php?rest_route=\/wp\/v2\/pages\/21","targetHints":{"allow":["GET"]}}],"collection":[{"href":"https:\/\/sw.mikolajsikora.com\/index.php?rest_route=\/wp\/v2\/pages"}],"about":[{"href":"https:\/\/sw.mikolajsikora.com\/index.php?rest_route=\/wp\/v2\/types\/page"}],"author":[{"embeddable":true,"href":"https:\/\/sw.mikolajsikora.com\/index.php?rest_route=\/wp\/v2\/users\/1"}],"replies":[{"embeddable":true,"href":"https:\/\/sw.mikolajsikora.com\/index.php?rest_route=%2Fwp%2Fv2%2Fcomments&post=21"}],"version-history":[{"count":43,"href":"https:\/\/sw.mikolajsikora.com\/index.php?rest_route=\/wp\/v2\/pages\/21\/revisions"}],"predecessor-version":[{"id":779,"href":"https:\/\/sw.mikolajsikora.com\/index.php?rest_route=\/wp\/v2\/pages\/21\/revisions\/779"}],"wp:attachment":[{"href":"https:\/\/sw.mikolajsikora.com\/index.php?rest_route=%2Fwp%2Fv2%2Fmedia&parent=21"}],"curies":[{"name":"wp","href":"https:\/\/api.w.org\/{rel}","templated":true}]}}