{"id":6,"date":"2024-11-13T17:02:54","date_gmt":"2024-11-13T17:02:54","guid":{"rendered":"https:\/\/sw.mikolajsikora.pl\/?page_id=6"},"modified":"2025-09-13T10:25:39","modified_gmt":"2025-09-13T10:25:39","slug":"landing-page","status":"publish","type":"page","link":"https:\/\/sw.mikolajsikora.com\/","title":{"rendered":"Landing Page"},"content":{"rendered":"\t\t<div data-elementor-type=\"wp-page\" data-elementor-id=\"6\" class=\"elementor elementor-6\">\n\t\t\t\t<div class=\"elementor-element elementor-element-7cc1127 e-flex e-con-boxed wpr-particle-no wpr-jarallax-no wpr-parallax-no wpr-sticky-section-no e-con e-parent\" data-id=\"7cc1127\" data-element_type=\"container\">\n\t\t\t\t\t<div class=\"e-con-inner\">\n\t\t<div class=\"elementor-element elementor-element-1aced50 e-con-full e-flex wpr-particle-no wpr-jarallax-no wpr-parallax-no wpr-sticky-section-no e-con e-child\" data-id=\"1aced50\" data-element_type=\"container\">\n\t\t<div class=\"elementor-element elementor-element-8aaf8cd e-con-full e-flex wpr-particle-no wpr-jarallax-no wpr-parallax-no wpr-sticky-section-no e-con e-child\" data-id=\"8aaf8cd\" data-element_type=\"container\">\n\t\t<div class=\"elementor-element elementor-element-fd64844 e-con-full e-flex wpr-particle-no wpr-jarallax-no wpr-parallax-no wpr-sticky-section-no e-con e-child\" data-id=\"fd64844\" data-element_type=\"container\">\n\t\t\t\t<div class=\"elementor-element elementor-element-53e62d8 elementor-widget elementor-widget-heading\" data-id=\"53e62d8\" data-element_type=\"widget\" data-widget_type=\"heading.default\">\n\t\t\t\t<div class=\"elementor-widget-container\">\n\t\t\t\t\t<h2 class=\"elementor-heading-title elementor-size-default\">Odkryj swoj\u0105 to\u017csamo\u015b\u0107!<\/h2>\t\t\t\t<\/div>\n\t\t\t\t<\/div>\n\t\t\t\t<div class=\"elementor-element elementor-element-9b176e8 elementor-widget elementor-widget-text-editor\" data-id=\"9b176e8\" data-element_type=\"widget\" data-widget_type=\"text-editor.default\">\n\t\t\t\t<div class=\"elementor-widget-container\">\n\t\t\t\t\t\t\t\t\t<p>Weekendowe spotkania dla kobiet, kt\u00f3re pragn\u0105 pog\u0142\u0119bi\u0107 swoj\u0105 relacj\u0119 z Bogiem, odkry\u0107 swoj\u0105 warto\u015b\u0107 jako c\u00f3rki Boga i odnale\u017a\u0107 misj\u0119, do kt\u00f3rej zosta\u0142y powo\u0142ane. Do\u0142\u0105cz do wsp\u00f3lnoty pe\u0142nej inspiracji, modlitwy i wsparcia na drodze odkrywania Bo\u017cego planu dla Twojego \u017cycia.<\/p>\t\t\t\t\t\t\t\t<\/div>\n\t\t\t\t<\/div>\n\t\t\t\t<\/div>\n\t\t\t\t<div class=\"elementor-element elementor-element-21896d0 elementor-widget elementor-widget-button\" data-id=\"21896d0\" data-element_type=\"widget\" data-widget_type=\"button.default\">\n\t\t\t\t<div class=\"elementor-widget-container\">\n\t\t\t\t\t\t\t\t\t<div class=\"elementor-button-wrapper\">\n\t\t\t\t\t<a class=\"elementor-button elementor-button-link elementor-size-sm\" href=\"#\">\n\t\t\t\t\t\t<span class=\"elementor-button-content-wrapper\">\n\t\t\t\t\t\t\t\t\t<span class=\"elementor-button-text\">Do\u0142\u0105cz do Nas!<\/span>\n\t\t\t\t\t<\/span>\n\t\t\t\t\t<\/a>\n\t\t\t\t<\/div>\n\t\t\t\t\t\t\t\t<\/div>\n\t\t\t\t<\/div>\n\t\t\t\t<\/div>\n\t\t\t\t<\/div>\n\t\t\t\t<div class=\"elementor-element elementor-element-73ab18a elementor-widget elementor-widget-spacer\" data-id=\"73ab18a\" data-element_type=\"widget\" data-widget_type=\"spacer.default\">\n\t\t\t\t<div class=\"elementor-widget-container\">\n\t\t\t\t\t\t\t<div class=\"elementor-spacer\">\n\t\t\t<div class=\"elementor-spacer-inner\"><\/div>\n\t\t<\/div>\n\t\t\t\t\t\t<\/div>\n\t\t\t\t<\/div>\n\t\t<div class=\"elementor-element elementor-element-6dc8581 e-con-full e-flex wpr-particle-no wpr-jarallax-no wpr-parallax-no wpr-sticky-section-no e-con e-child\" data-id=\"6dc8581\" data-element_type=\"container\">\n\t\t<div class=\"elementor-element elementor-element-3941b0b e-con-full e-flex wpr-particle-no wpr-jarallax-no wpr-parallax-no wpr-sticky-section-no e-con e-child\" data-id=\"3941b0b\" data-element_type=\"container\">\n\t\t\t\t<div class=\"elementor-element elementor-element-40bbd62 elementor-widget elementor-widget-heading\" data-id=\"40bbd62\" data-element_type=\"widget\" data-widget_type=\"heading.default\">\n\t\t\t\t<div class=\"elementor-widget-container\">\n\t\t\t\t\t<h2 class=\"elementor-heading-title elementor-size-default\">Sylwia Wilk<\/h2>\t\t\t\t<\/div>\n\t\t\t\t<\/div>\n\t\t\t\t<div class=\"elementor-element elementor-element-4083b07 elementor-widget elementor-widget-text-editor\" data-id=\"4083b07\" data-element_type=\"widget\" data-widget_type=\"text-editor.default\">\n\t\t\t\t<div class=\"elementor-widget-container\">\n\t\t\t\t\t\t\t\t\t<p>Celem naszego projektu jest wspieranie kobiet w odkrywaniu ich prawdziwej to\u017csamo\u015bci i warto\u015bci w oczach Boga. Wierzymy, \u017ce ka\u017cda kobieta jest wyj\u0105tkowa, a jej \u017cycie i talenty maj\u0105 g\u0142\u0119boki sens i znaczenie w Bo\u017cym planie. Podczas naszych spotka\u0144 zg\u0142\u0119biamy S\u0142owo Bo\u017ce, odkrywamy swoje dary i wspieramy si\u0119 wzajemnie w umacnianiu wiary. To przestrze\u0144, gdzie mo\u017cesz poczu\u0107 si\u0119 akceptowana, zrozumiana i w pe\u0142ni sob\u0105 \u2013 jako c\u00f3rka Boga powo\u0142ana do wyj\u0105tkowej misji.<\/p>\t\t\t\t\t\t\t\t<\/div>\n\t\t\t\t<\/div>\n\t\t\t\t<\/div>\n\t\t\t\t<div class=\"elementor-element elementor-element-c14ab43 elementor-widget elementor-widget-image\" data-id=\"c14ab43\" data-element_type=\"widget\" data-widget_type=\"image.default\">\n\t\t\t\t<div class=\"elementor-widget-container\">\n\t\t\t\t\t\t\t\t\t\t\t\t\t\t\t<img fetchpriority=\"high\" decoding=\"async\" width=\"683\" height=\"1024\" src=\"https:\/\/sw.mikolajsikora.com\/wp-content\/uploads\/2025\/03\/IMG_8339-1-683x1024.png\" class=\"attachment-large size-large wp-image-613\" alt=\"\" srcset=\"https:\/\/sw.mikolajsikora.com\/wp-content\/uploads\/2025\/03\/IMG_8339-1-683x1024.png 683w, https:\/\/sw.mikolajsikora.com\/wp-content\/uploads\/2025\/03\/IMG_8339-1-200x300.png 200w, https:\/\/sw.mikolajsikora.com\/wp-content\/uploads\/2025\/03\/IMG_8339-1-768x1152.png 768w, https:\/\/sw.mikolajsikora.com\/wp-content\/uploads\/2025\/03\/IMG_8339-1-1024x1536.png 1024w, https:\/\/sw.mikolajsikora.com\/wp-content\/uploads\/2025\/03\/IMG_8339-1-1365x2048.png 1365w\" sizes=\"(max-width: 683px) 100vw, 683px\" \/>\t\t\t\t\t\t\t\t\t\t\t\t\t\t\t<\/div>\n\t\t\t\t<\/div>\n\t\t\t\t<\/div>\n\t\t<div class=\"elementor-element elementor-element-4fa3ba8 e-con-full e-flex wpr-particle-no wpr-jarallax-no wpr-parallax-no wpr-sticky-section-no e-con e-child\" data-id=\"4fa3ba8\" data-element_type=\"container\">\n\t\t\t\t<div class=\"elementor-element elementor-element-c16b855 elementor-widget-divider--view-line elementor-widget elementor-widget-divider\" data-id=\"c16b855\" data-element_type=\"widget\" data-widget_type=\"divider.default\">\n\t\t\t\t<div class=\"elementor-widget-container\">\n\t\t\t\t\t\t\t<div class=\"elementor-divider\">\n\t\t\t<span class=\"elementor-divider-separator\">\n\t\t\t\t\t\t<\/span>\n\t\t<\/div>\n\t\t\t\t\t\t<\/div>\n\t\t\t\t<\/div>\n\t\t<div class=\"elementor-element elementor-element-2b4cfe8 e-grid e-con-full wpr-particle-no wpr-jarallax-no wpr-parallax-no wpr-sticky-section-no e-con e-child\" data-id=\"2b4cfe8\" data-element_type=\"container\">\n\t\t\t\t<div class=\"elementor-element elementor-element-2252dcf elementor-widget elementor-widget-counter\" data-id=\"2252dcf\" data-element_type=\"widget\" data-widget_type=\"counter.default\">\n\t\t\t\t<div class=\"elementor-widget-container\">\n\t\t\t\t\t\t\t<div class=\"elementor-counter\">\n\t\t\t<div class=\"elementor-counter-title\">Zorganizowanych Wydarze\u0144<\/div>\t\t\t<div class=\"elementor-counter-number-wrapper\">\n\t\t\t\t<span class=\"elementor-counter-number-prefix\"><\/span>\n\t\t\t\t<span class=\"elementor-counter-number\" data-duration=\"1000\" data-to-value=\"348\" data-from-value=\"0\" data-delimiter=\",\">0<\/span>\n\t\t\t\t<span class=\"elementor-counter-number-suffix\"><\/span>\n\t\t\t<\/div>\n\t\t<\/div>\n\t\t\t\t\t\t<\/div>\n\t\t\t\t<\/div>\n\t\t\t\t<div class=\"elementor-element elementor-element-8bb27b8 elementor-widget elementor-widget-counter\" data-id=\"8bb27b8\" data-element_type=\"widget\" data-widget_type=\"counter.default\">\n\t\t\t\t<div class=\"elementor-widget-container\">\n\t\t\t\t\t\t\t<div class=\"elementor-counter\">\n\t\t\t<div class=\"elementor-counter-title\">Zorganizowanych Wydarze\u0144<\/div>\t\t\t<div class=\"elementor-counter-number-wrapper\">\n\t\t\t\t<span class=\"elementor-counter-number-prefix\"><\/span>\n\t\t\t\t<span class=\"elementor-counter-number\" data-duration=\"1000\" data-to-value=\"5432\" data-from-value=\"0\" data-delimiter=\",\">0<\/span>\n\t\t\t\t<span class=\"elementor-counter-number-suffix\"><\/span>\n\t\t\t<\/div>\n\t\t<\/div>\n\t\t\t\t\t\t<\/div>\n\t\t\t\t<\/div>\n\t\t\t\t<div class=\"elementor-element elementor-element-d53caf1 elementor-widget elementor-widget-counter\" data-id=\"d53caf1\" data-element_type=\"widget\" data-widget_type=\"counter.default\">\n\t\t\t\t<div class=\"elementor-widget-container\">\n\t\t\t\t\t\t\t<div class=\"elementor-counter\">\n\t\t\t<div class=\"elementor-counter-title\">Zorganizowanych Wydarze\u0144<\/div>\t\t\t<div class=\"elementor-counter-number-wrapper\">\n\t\t\t\t<span class=\"elementor-counter-number-prefix\"><\/span>\n\t\t\t\t<span class=\"elementor-counter-number\" data-duration=\"1000\" data-to-value=\"89\" data-from-value=\"0\" data-delimiter=\",\">0<\/span>\n\t\t\t\t<span class=\"elementor-counter-number-suffix\"><\/span>\n\t\t\t<\/div>\n\t\t<\/div>\n\t\t\t\t\t\t<\/div>\n\t\t\t\t<\/div>\n\t\t\t\t<\/div>\n\t\t\t\t<div class=\"elementor-element elementor-element-0a75e7a elementor-widget-divider--view-line elementor-widget elementor-widget-divider\" data-id=\"0a75e7a\" data-element_type=\"widget\" data-widget_type=\"divider.default\">\n\t\t\t\t<div class=\"elementor-widget-container\">\n\t\t\t\t\t\t\t<div class=\"elementor-divider\">\n\t\t\t<span class=\"elementor-divider-separator\">\n\t\t\t\t\t\t<\/span>\n\t\t<\/div>\n\t\t\t\t\t\t<\/div>\n\t\t\t\t<\/div>\n\t\t\t\t<\/div>\n\t\t<div class=\"elementor-element elementor-element-60abf40 e-con-full e-flex wpr-particle-no wpr-jarallax-no wpr-parallax-no wpr-sticky-section-no e-con e-child\" data-id=\"60abf40\" data-element_type=\"container\">\n\t\t<div class=\"elementor-element elementor-element-f32fdc2 e-con-full e-flex wpr-particle-no wpr-jarallax-no wpr-parallax-no wpr-sticky-section-no e-con e-child\" data-id=\"f32fdc2\" data-element_type=\"container\">\n\t\t\t\t<div class=\"elementor-element elementor-element-1740b50 elementor-widget elementor-widget-heading\" data-id=\"1740b50\" data-element_type=\"widget\" data-widget_type=\"heading.default\">\n\t\t\t\t<div class=\"elementor-widget-container\">\n\t\t\t\t\t<h2 class=\"elementor-heading-title elementor-size-default\">O projekcie<\/h2>\t\t\t\t<\/div>\n\t\t\t\t<\/div>\n\t\t\t\t<div class=\"elementor-element elementor-element-4844cf5 elementor-widget elementor-widget-text-editor\" data-id=\"4844cf5\" data-element_type=\"widget\" data-widget_type=\"text-editor.default\">\n\t\t\t\t<div class=\"elementor-widget-container\">\n\t\t\t\t\t\t\t\t\t<p>Je\u015bli pragniesz g\u0142\u0119bszej relacji z Bogiem, szukasz swojego powo\u0142ania lub chcesz odkry\u0107 swoje talenty, zapraszamy Ci\u0119 na nasze spotkania! To czas wype\u0142niony inspiracj\u0105, modlitw\u0105 i praktycznymi wskaz\u00f3wkami, jak \u017cy\u0107 blisko Boga na co dzie\u0144. W otoczeniu wspieraj\u0105cych kobiet, kt\u00f3re maj\u0105 podobne pragnienia, b\u0119dziesz mia\u0142a okazj\u0119 nawi\u0105za\u0107 nowe relacje, poczu\u0107 Bo\u017c\u0105 obecno\u015b\u0107 i odkry\u0107, co znaczy by\u0107 prawdziwie woln\u0105 i warto\u015bciow\u0105. Daj sobie szans\u0119, by w pe\u0142ni odkry\u0107 Bo\u017cy plan dla Twojego \u017cycia.<\/p>\t\t\t\t\t\t\t\t<\/div>\n\t\t\t\t<\/div>\n\t\t\t\t<div class=\"elementor-element elementor-element-d85b14e elementor-widget elementor-widget-button\" data-id=\"d85b14e\" data-element_type=\"widget\" data-widget_type=\"button.default\">\n\t\t\t\t<div class=\"elementor-widget-container\">\n\t\t\t\t\t\t\t\t\t<div class=\"elementor-button-wrapper\">\n\t\t\t\t\t<a class=\"elementor-button elementor-button-link elementor-size-sm\" href=\"#\">\n\t\t\t\t\t\t<span class=\"elementor-button-content-wrapper\">\n\t\t\t\t\t\t\t\t\t<span class=\"elementor-button-text\">Dowiedz si\u0119 wi\u0119cej<\/span>\n\t\t\t\t\t<\/span>\n\t\t\t\t\t<\/a>\n\t\t\t\t<\/div>\n\t\t\t\t\t\t\t\t<\/div>\n\t\t\t\t<\/div>\n\t\t\t\t<\/div>\n\t\t\t\t<div class=\"elementor-element elementor-element-3cf6fcc elementor-widget elementor-widget-image\" data-id=\"3cf6fcc\" data-element_type=\"widget\" data-widget_type=\"image.default\">\n\t\t\t\t<div class=\"elementor-widget-container\">\n\t\t\t\t\t\t\t\t\t\t\t\t\t\t\t<img decoding=\"async\" width=\"1024\" height=\"768\" src=\"https:\/\/sw.mikolajsikora.com\/wp-content\/uploads\/2024\/11\/IMG-20220201-WA0000-1-1024x768.jpg\" class=\"attachment-large size-large wp-image-279\" alt=\"\" srcset=\"https:\/\/sw.mikolajsikora.com\/wp-content\/uploads\/2024\/11\/IMG-20220201-WA0000-1-1024x768.jpg 1024w, https:\/\/sw.mikolajsikora.com\/wp-content\/uploads\/2024\/11\/IMG-20220201-WA0000-1-300x225.jpg 300w, https:\/\/sw.mikolajsikora.com\/wp-content\/uploads\/2024\/11\/IMG-20220201-WA0000-1-768x576.jpg 768w, https:\/\/sw.mikolajsikora.com\/wp-content\/uploads\/2024\/11\/IMG-20220201-WA0000-1-1536x1152.jpg 1536w, https:\/\/sw.mikolajsikora.com\/wp-content\/uploads\/2024\/11\/IMG-20220201-WA0000-1.jpg 1600w\" sizes=\"(max-width: 1024px) 100vw, 1024px\" \/>\t\t\t\t\t\t\t\t\t\t\t\t\t\t\t<\/div>\n\t\t\t\t<\/div>\n\t\t\t\t<\/div>\n\t\t<div class=\"elementor-element elementor-element-8e2e139 e-con-full e-flex wpr-particle-no wpr-jarallax-no wpr-parallax-no wpr-sticky-section-no e-con e-child\" data-id=\"8e2e139\" data-element_type=\"container\">\n\t\t\t\t<div class=\"elementor-element elementor-element-8b222c7 elementor-widget elementor-widget-image\" data-id=\"8b222c7\" data-element_type=\"widget\" data-widget_type=\"image.default\">\n\t\t\t\t<div class=\"elementor-widget-container\">\n\t\t\t\t\t\t\t\t\t\t\t\t\t\t\t<img decoding=\"async\" width=\"1024\" height=\"768\" src=\"https:\/\/sw.mikolajsikora.com\/wp-content\/uploads\/2024\/11\/IMG-20220201-WA0000-1-1024x768.jpg\" class=\"attachment-large size-large wp-image-279\" alt=\"\" srcset=\"https:\/\/sw.mikolajsikora.com\/wp-content\/uploads\/2024\/11\/IMG-20220201-WA0000-1-1024x768.jpg 1024w, https:\/\/sw.mikolajsikora.com\/wp-content\/uploads\/2024\/11\/IMG-20220201-WA0000-1-300x225.jpg 300w, https:\/\/sw.mikolajsikora.com\/wp-content\/uploads\/2024\/11\/IMG-20220201-WA0000-1-768x576.jpg 768w, https:\/\/sw.mikolajsikora.com\/wp-content\/uploads\/2024\/11\/IMG-20220201-WA0000-1-1536x1152.jpg 1536w, https:\/\/sw.mikolajsikora.com\/wp-content\/uploads\/2024\/11\/IMG-20220201-WA0000-1.jpg 1600w\" sizes=\"(max-width: 1024px) 100vw, 1024px\" \/>\t\t\t\t\t\t\t\t\t\t\t\t\t\t\t<\/div>\n\t\t\t\t<\/div>\n\t\t<div class=\"elementor-element elementor-element-e668e7c e-con-full e-flex wpr-particle-no wpr-jarallax-no wpr-parallax-no wpr-sticky-section-no e-con e-child\" data-id=\"e668e7c\" data-element_type=\"container\">\n\t\t\t\t<div class=\"elementor-element elementor-element-4bfab04 elementor-widget elementor-widget-heading\" data-id=\"4bfab04\" data-element_type=\"widget\" data-widget_type=\"heading.default\">\n\t\t\t\t<div class=\"elementor-widget-container\">\n\t\t\t\t\t<h2 class=\"elementor-heading-title elementor-size-default\">We\u017a udzia\u0142<\/h2>\t\t\t\t<\/div>\n\t\t\t\t<\/div>\n\t\t\t\t<div class=\"elementor-element elementor-element-fa2a14a elementor-widget elementor-widget-text-editor\" data-id=\"fa2a14a\" data-element_type=\"widget\" data-widget_type=\"text-editor.default\">\n\t\t\t\t<div class=\"elementor-widget-container\">\n\t\t\t\t\t\t\t\t\t<p>Je\u015bli pragniesz g\u0142\u0119bszej relacji z Bogiem, szukasz swojego powo\u0142ania lub chcesz odkry\u0107 swoje talenty, zapraszamy Ci\u0119 na nasze spotkania! To czas wype\u0142niony inspiracj\u0105, modlitw\u0105 i praktycznymi wskaz\u00f3wkami, jak \u017cy\u0107 blisko Boga na co dzie\u0144. W otoczeniu wspieraj\u0105cych kobiet, kt\u00f3re maj\u0105 podobne pragnienia, b\u0119dziesz mia\u0142a okazj\u0119 nawi\u0105za\u0107 nowe relacje, poczu\u0107 Bo\u017c\u0105 obecno\u015b\u0107 i odkry\u0107, co znaczy by\u0107 prawdziwie woln\u0105 i warto\u015bciow\u0105. Daj sobie szans\u0119, by w pe\u0142ni odkry\u0107 Bo\u017cy plan dla Twojego \u017cycia.<\/p>\t\t\t\t\t\t\t\t<\/div>\n\t\t\t\t<\/div>\n\t\t\t\t<div class=\"elementor-element elementor-element-32efab0 elementor-widget elementor-widget-button\" data-id=\"32efab0\" data-element_type=\"widget\" data-widget_type=\"button.default\">\n\t\t\t\t<div class=\"elementor-widget-container\">\n\t\t\t\t\t\t\t\t\t<div class=\"elementor-button-wrapper\">\n\t\t\t\t\t<a class=\"elementor-button elementor-button-link elementor-size-sm\" href=\"#\">\n\t\t\t\t\t\t<span class=\"elementor-button-content-wrapper\">\n\t\t\t\t\t\t\t\t\t<span class=\"elementor-button-text\">We\u017a udzia\u0142!<\/span>\n\t\t\t\t\t<\/span>\n\t\t\t\t\t<\/a>\n\t\t\t\t<\/div>\n\t\t\t\t\t\t\t\t<\/div>\n\t\t\t\t<\/div>\n\t\t\t\t<\/div>\n\t\t\t\t<\/div>\n\t\t\t\t\t<\/div>\n\t\t\t\t<\/div>\n\t\t\t\t<\/div>\n\t\t","protected":false},"excerpt":{"rendered":"<p>Odkryj swoj\u0105 to\u017csamo\u015b\u0107! Weekendowe spotkania dla kobiet, kt\u00f3re pragn\u0105 pog\u0142\u0119bi\u0107 swoj\u0105 relacj\u0119 z Bogiem, odkry\u0107 swoj\u0105 warto\u015b\u0107 jako c\u00f3rki Boga i odnale\u017a\u0107 misj\u0119, do kt\u00f3rej zosta\u0142y powo\u0142ane. Do\u0142\u0105cz do wsp\u00f3lnoty pe\u0142nej inspiracji, modlitwy i wsparcia na drodze odkrywania Bo\u017cego planu dla Twojego \u017cycia. Do\u0142\u0105cz do Nas! Sylwia Wilk Celem naszego projektu jest wspieranie kobiet w odkrywaniu ich prawdziwej to\u017csamo\u015bci i warto\u015bci w oczach Boga. Wierzymy, \u017ce ka\u017cda kobieta jest wyj\u0105tkowa, a jej \u017cycie i talenty maj\u0105 g\u0142\u0119boki sens i znaczenie w Bo\u017cym planie. Podczas naszych spotka\u0144 zg\u0142\u0119biamy S\u0142owo Bo\u017ce, odkrywamy swoje dary i wspieramy si\u0119 wzajemnie w umacnianiu wiary. To przestrze\u0144, gdzie mo\u017cesz poczu\u0107 si\u0119 akceptowana, zrozumiana i w pe\u0142ni sob\u0105 \u2013 jako c\u00f3rka Boga powo\u0142ana do wyj\u0105tkowej misji. Zorganizowanych Wydarze\u0144 0 Zorganizowanych Wydarze\u0144 0 Zorganizowanych Wydarze\u0144 0 O projekcie Je\u015bli pragniesz g\u0142\u0119bszej relacji z Bogiem, szukasz swojego powo\u0142ania lub chcesz odkry\u0107 swoje talenty, zapraszamy Ci\u0119 na nasze spotkania! To czas wype\u0142niony inspiracj\u0105, modlitw\u0105 i praktycznymi wskaz\u00f3wkami, jak \u017cy\u0107 blisko Boga na co dzie\u0144. W otoczeniu wspieraj\u0105cych kobiet, kt\u00f3re maj\u0105 podobne pragnienia, b\u0119dziesz mia\u0142a okazj\u0119 nawi\u0105za\u0107 nowe relacje, poczu\u0107 Bo\u017c\u0105 obecno\u015b\u0107 i odkry\u0107, co znaczy by\u0107 prawdziwie woln\u0105 i warto\u015bciow\u0105. Daj sobie szans\u0119, by w pe\u0142ni odkry\u0107 Bo\u017cy plan dla Twojego \u017cycia. Dowiedz si\u0119 wi\u0119cej We\u017a udzia\u0142 Je\u015bli pragniesz g\u0142\u0119bszej relacji z Bogiem, szukasz swojego powo\u0142ania lub chcesz odkry\u0107 swoje talenty, zapraszamy Ci\u0119 na nasze spotkania! To czas wype\u0142niony inspiracj\u0105, modlitw\u0105 i praktycznymi wskaz\u00f3wkami, jak \u017cy\u0107 blisko Boga na co dzie\u0144. W otoczeniu wspieraj\u0105cych kobiet, kt\u00f3re maj\u0105 podobne pragnienia, b\u0119dziesz mia\u0142a okazj\u0119 nawi\u0105za\u0107 nowe relacje, poczu\u0107 Bo\u017c\u0105 obecno\u015b\u0107 i odkry\u0107, co znaczy by\u0107 prawdziwie woln\u0105 i warto\u015bciow\u0105. Daj sobie szans\u0119, by w pe\u0142ni odkry\u0107 Bo\u017cy plan dla Twojego \u017cycia. We\u017a udzia\u0142!<\/p>\n","protected":false},"author":1,"featured_media":0,"parent":0,"menu_order":0,"comment_status":"closed","ping_status":"closed","template":"","meta":{"site-sidebar-layout":"no-sidebar","site-content-layout":"","ast-site-content-layout":"full-width-container","site-content-style":"default","site-sidebar-style":"default","ast-global-header-display":"","ast-banner-title-visibility":"","ast-main-header-display":"","ast-hfb-above-header-display":"","ast-hfb-below-header-display":"","ast-hfb-mobile-header-display":"","site-post-title":"disabled","ast-breadcrumbs-content":"","ast-featured-img":"disabled","footer-sml-layout":"","theme-transparent-header-meta":"","adv-header-id-meta":"","stick-header-meta":"","header-above-stick-meta":"","header-main-stick-meta":"","header-below-stick-meta":"","astra-migrate-meta-layouts":"default","ast-page-background-enabled":"default","ast-page-background-meta":{"desktop":{"background-color":"var(--ast-global-color-4)","background-image":"","background-repeat":"repeat","background-position":"center center","background-size":"auto","background-attachment":"scroll","background-type":"","background-media":"","overlay-type":"","overlay-color":"","overlay-opacity":"","overlay-gradient":""},"tablet":{"background-color":"","background-image":"","background-repeat":"repeat","background-position":"center center","background-size":"auto","background-attachment":"scroll","background-type":"","background-media":"","overlay-type":"","overlay-color":"","overlay-opacity":"","overlay-gradient":""},"mobile":{"background-color":"","background-image":"","background-repeat":"repeat","background-position":"center center","background-size":"auto","background-attachment":"scroll","background-type":"","background-media":"","overlay-type":"","overlay-color":"","overlay-opacity":"","overlay-gradient":""}},"ast-content-background-meta":{"desktop":{"background-color":"var(--ast-global-color-5)","background-image":"","background-repeat":"repeat","background-position":"center center","background-size":"auto","background-attachment":"scroll","background-type":"","background-media":"","overlay-type":"","overlay-color":"","overlay-opacity":"","overlay-gradient":""},"tablet":{"background-color":"var(--ast-global-color-5)","background-image":"","background-repeat":"repeat","background-position":"center center","background-size":"auto","background-attachment":"scroll","background-type":"","background-media":"","overlay-type":"","overlay-color":"","overlay-opacity":"","overlay-gradient":""},"mobile":{"background-color":"var(--ast-global-color-5)","background-image":"","background-repeat":"repeat","background-position":"center center","background-size":"auto","background-attachment":"scroll","background-type":"","background-media":"","overlay-type":"","overlay-color":"","overlay-opacity":"","overlay-gradient":""}},"footnotes":""},"class_list":["post-6","page","type-page","status-publish","hentry"],"_links":{"self":[{"href":"https:\/\/sw.mikolajsikora.com\/index.php?rest_route=\/wp\/v2\/pages\/6","targetHints":{"allow":["GET"]}}],"collection":[{"href":"https:\/\/sw.mikolajsikora.com\/index.php?rest_route=\/wp\/v2\/pages"}],"about":[{"href":"https:\/\/sw.mikolajsikora.com\/index.php?rest_route=\/wp\/v2\/types\/page"}],"author":[{"embeddable":true,"href":"https:\/\/sw.mikolajsikora.com\/index.php?rest_route=\/wp\/v2\/users\/1"}],"replies":[{"embeddable":true,"href":"https:\/\/sw.mikolajsikora.com\/index.php?rest_route=%2Fwp%2Fv2%2Fcomments&post=6"}],"version-history":[{"count":196,"href":"https:\/\/sw.mikolajsikora.com\/index.php?rest_route=\/wp\/v2\/pages\/6\/revisions"}],"predecessor-version":[{"id":1230,"href":"https:\/\/sw.mikolajsikora.com\/index.php?rest_route=\/wp\/v2\/pages\/6\/revisions\/1230"}],"wp:attachment":[{"href":"https:\/\/sw.mikolajsikora.com\/index.php?rest_route=%2Fwp%2Fv2%2Fmedia&parent=6"}],"curies":[{"name":"wp","href":"https:\/\/api.w.org\/{rel}","templated":true}]}}